at is h(9)?
-6
Let s(p) = -p**3 - 50*p**2 - 391*p + 351. Give s(-40).
-9
Let j(x) = x**3 - 29*x**2 + 119*x - 1072. Calculate j(26).
-6
Let q(l) = l**3 + 22*l**2 + 7*l + 639. Determine q(-23).
-51
Let z(q) = -24*q + 102. What is z(4)?
6
Let a(c) = 43*c**2 - 2319*c - 151. Determine a(54).
11
Let k(h) = -28*h - 645. Give k(-23).
-1
Let z(s) = 753*s + 2171. Give z(-3).
-88
Let h(j) = 8*j**3 + 13*j**2 - 6*j - 16. What is h(-3)?
-97
Let p(d) = -58*d**2 - 134*d + 76. Give p(-3).
-44
Let h(y) = y**2 + 26*y - 399. Calculate h(9).
-84
Let n(x) = 26*x - 379. What is n(13)?
-41
Let r(n) = n**3 - 59*n**2 + 449*n + 50. Give r(50).
0
Let p(i) = -i**2 - 36*i - 307. Calculate p(-13).
-8
Let t(s) = -s**3 - 57*s**2 - 273*s + 1654. Calculate t(-51).
-29
Let k(q) = -5*q**2 + 3*q + 6. Calculate k(-6).
-192
Let z(j) = -1516*j + 27288. What is z(18)?
0
Let a(w) = w**2 - 233*w - 5330. Calculate a(-21).
4
Let u(l) = l**2 + 81*l + 1648. What is u(-40)?
8
Let c(p) = -2*p**2 + 47*p + 538. Determine c(32).
-6
Let q(h) = -17*h**3 + 814*h**2 + 99*h - 151. Give q(48).
-7
Let k(s) = 13*s**2 + 151*s + 120. Calculate k(-11).
32
Let v(j) = -j**3 - 21*j**2 - 40*j - 48. Calculate v(-19).
-10
Let h(s) = -s**3 + 48*s**2 - 11. Give h(48).
-11
Let z(g) = -3*g**3 - 66*g**2 - 54*g - 1062. What is z(-22)?
126
Let m(c) = 356*c + 722. Calculate m(-4).
-702
Let y(b) = -6*b**3 - 2*b**2 - 4*b + 21. Calculate y(3).
-171
Let j(p) = p**3 - 30*p**2 + 16*p - 126. Calculate j(29).
-503
Let h(p) = p - 21. Give h(-46).
-67
Let c(h) = h**2 + 38*h + 317. Determine c(-26).
5
Let z(i) = -i**3 + 8*i**2 + 27*i + 52. What is z(11)?
-14
Let t(z) = 7*z - 555. What is t(80)?
5
Let d(q) = 542*q - 9210. Calculate d(17).
4
Let z(o) = -2*o**2 + 67*o - 30. What is z(28)?
278
Let i(b) = -b**3 - 20*b**2 - 80*b + 53. Give i(-14).
-3
Let d(h) = -10*h**2 + 117*h + 298. What is d(14)?
-24
Let v(j) = 3*j**2 + 85*j - 364. What is v(4)?
24
Let t(y) = -448*y**2 - 1348*y - 11. Determine t(-3).
1
Let g(c) = -40*c - 995. Determine g(-25).
5
Let v(h) = -2*h**3 - 38*h**2 + 38*h - 38. Give v(-20).
2
Let j(k) = -51*k - 692. Calculate j(-13).
-29
Let h(v) = 2*v**3 - 32*v**2 - 3*v + 70. Determine h(16).
22
Let r(h) = 3*h**3 - 125*h**2 - 42*h - 5. Determine r(42).
-5
Let h(n) = 3*n**2 + 46*n - 237. Determine h(-16).
-205
Let j(g) = -g**2 + 76*g - 1003. Calculate j(17).
0
Let k(x) = -x**3 - 18*x**2 - 16*x + 666. Give k(-12).
-6
Let m(k) = -k**3 + 8*k**2 - 18*k - 14. Calculate m(8).
-158
Let l(u) = -2*u + 112. Determine l(-90).
292
Let p(q) = -245*q**2 + 1951*q - 17. Give p(8).
-89
Let f(n) = -n**3 + 46*n**2 - 40*n + 158. Calculate f(45).
383
Let b(h) = -h**2 + 4*h - 8. Determine b(6).
-20
Let l(m) = 69*m - 353. Calculate l(5).
-8
Let z(k) = -k**2 + 37*k - 134. What is z(5)?
26
Let x(n) = -n**3 + 5*n**2 + 5*n - 43. Determine x(6).
-49
Let z(d) = d**3 - 8*d**2 - 31*d + 42. Calculate z(9).
-156
Let n(j) = 6*j**3 - 298*j**2 - 102*j + 91. Determine n(50).
-9
Let k(r) = 8*r**2 - 106*r + 175. What is k(11)?
-23
Let h(x) = -x**3 - 36*x**2 - 121*x + 151. Determine h(-32).
-73
Let a(v) = v**3 + 9*v**2 - 163*v - 24. Calculate a(-18).
-6
Let m(c) = 405*c + 9715. Give m(-24).
-5
Let d(g) = -2*g**3 - g**2 - 89*g - 22. What is d(0)?
-22
Let a(n) = -19*n - 305. Calculate a(-16).
-1
Let w(f) = -4*f**2 - 234*f - 2654. Calculate w(-13).
-288
Let x(g) = -1750*g + 3496. Determine x(2).
-4
Let x(g) = -82*g + 192. Give x(9).
-546
Let h(u) = 2*u**3 - 14*u**2 - 12*u - 5. Determine h(8).
27
Let c(y) = -7*y**3 - 763*y**2 - 747*y + 970. Determine c(-108).
-2
Let h(f) = -17*f - 364. Calculate h(-32).
180
Let r(p) = p**3 - 83*p**2 + 1573*p + 43. What is r(29)?
246
Let l(c) = -c**3 + 15*c**2 - 25*c + 160. Determine l(14).
6
Let a(w) = -7892*w + 71030. Determine a(9).
2
Let u(v) = 126*v**2 + 2*v + 7. What is u(0)?
7
Let c(p) = p**3 - 8*p**2 - 103*p - 30. Calculate c(15).
0
Let u(p) = p**3 - 13*p**2 + p + 121. What is u(13)?
134
Let a(h) = 23*h - 737. Give a(41).
206
Let g(s) = -55*s**2 + 29*s - 4. What is g(-4)?
-1000
Let m(q) = 4*q**3 - 4*q**2 + 31*q + 185. What is m(-4)?
-259
Let g(i) = -112*i - 13. Calculate g(-2).
211
Let m(x) = x**3 - 13*x**2 - 196*x + 1546. Determine m(19).
-12
Let o(h) = -23*h + 81. What is o(10)?
-149
Let p(m) = m**2 - 20*m - 176. Give p(27).
13
Let j(t) = -3468*t + 17330. Determine j(5).
-10
Let f(a) = 88*a**2 + 530*a - 12. Calculate f(-6).
-24
Let n(v) = -v**3 + 46*v**2 - 48*v + 126. Calculate n(45).
-9
Let s(t) = 31*t - 440. What is s(14)?
-6
Let u(t) = -t**2 - 138*t - 4160. Give u(-46).
72
Let i(z) = -13*z**2 + 45*z + 8. What is i(3)?
26
Let c(l) = 945*l - 25507. Give c(27).
8
Let c(v) = -2*v**2 + 103*v - 1294. What is c(30)?
-4
Let j(b) = b**3 + 2*b**2 + b + 67. What is j(-9)?
-509
Let s(a) = -224*a + 16789. What is s(75)?
-11
Let x(q) = 13*q**3 - 9*q**2 + 9*q - 4. Calculate x(1).
9
Let h(o) = -2*o**2 + 3914*o - 38932. Give h(10).
8
Let g(w) = 254*w + 308. Calculate g(-4).
-708
Let s(y) = -y**2 + y + 33. Calculate s(-10).
-77
Let r(g) = 3643*g - 18216. Calculate r(5).
-1
Let u(x) = -x**3 - 48*x**2 - 134*x + 60. Determine u(-45).
15
Let u(j) = -5*j**2 + 109*j - 3. What is u(23)?
-141
Let d(t) = 2*t**2 - 1934*t + 44. Determine d(0).
44
Let g(p) = -p**3 - 2*p**2 + 3*p - 59. Determine g(0).
-59
Let u(b) = 125*b + 6756. Determine u(-54).
6
Let o(u) = u**3 + 10*u**2 - 30*u + 127. Give o(-13).
10
Let x(d) = -d**3 - 3*d**2 + 34*d + 26. Give x(-7).
-16
Let b(m) = -7922*m - 55448. What is b(-7)?
6
Let x(n) = n**3 + 17*n**2 + 103*n + 1492. What is x(-16)?
100
Let b(z) = 281*z + 987. Give b(-3).
144
Let r(j) = -j**3 + 16*j**2 + 36*j + 113. What is r(17)?
436
Let s(j) = -92*j + 388. Give s(4).
20
Let j(t) = -t**3 + 28*t**2 + 61*t - 22. What is j(30)?
8
Let s(a) = 158*a - 1486. Calculate s(10).
94
Let p(d) = 6*d**3 - 41*d**2 - 10*d + 6. What is p(7)?
-15
Let b(l) = 3*l**2 - 27*l - 19. Calculate b(5).
-79
Let x(d) = d**3 + 20*d**2 - 130*d - 120. What is x(-25)?
5
Let z(l) = -370*l + 2959. Give z(8).
-1
Let h(a) = 44*a + 1034. What is h(-22)?
66
Let k(b) = 3*b**3 + 497*b**2 + 813*b - 1139. Give k(-164).
9
Let d(t) = -2*t**3 + 56*t**2 - 41*t - 321. Determine d(27).
30
Let w(x) = 2*x**3 + 9*x**2 + 3*x + 42. Give w(-7).
-224
Let l(o) = 1631*o + 29368. What is l(-18)?
10
Let t(z) = 196*z + 1000. What is t(-5)?
20
Let p(m) = 3*m**2 + 13*m + 37. What is p(-4)?
33
Let g(k) = -2*k**2 + 446*k - 5137. What is g(12)?
-73
Let z(o) = -5*o**2 + 43*o + 2. Give z(5).
92
Let h(m) = -2*m**2 + 39*m + 99. Calculate h(23).
-62
Let b(a) = 2*a**3 - 10*a**2 - 189*a - 271. Give b(13).
-24
Let f(g) = 175*g - 552. Give f(6).
498
Let o(u) = -2*u**2 - 19*u + 60. Determine o(-13).
-31
Let c(g) = 2*g**2 - 66*g - 579. Calculate c(40).
-19
Let q(w) = -w**2 - 93*w + 945. What is q(-102)?
27
Let l(t) = 11*t**2 - 7*t - 26. Give l(-2).
32
Let y(i) = i**2 + 110*i - 984. What is y(-118)?
-40
Let w(v) = 26*v**2 - 103*v - 15. What is w(4)?
-11
Let s(r) = 2*r - 163. Calculate s(84).
5
Let n(v) = -2*v**2 + 131*v - 1128. Give n(10).
-18
Let r(v) = -v**3 - 94*v**2 - 986*v - 22. What is r(-12)?
2
Let u(g) = g**3 - g**2 - 2*g - 2. What is u(-1)?
-2
Let d(k) = 2*k**3 + 2*k**2 - 2*k - 13. Calculate d(2).
7
Let z(l) = -l**3 - 32*l**2 - 136*l - 28. What is z(-27)?
-1
Let z(m) = 3*m**3 - 3*m**2 + 9*m - 3. What is z(2)?
27
Let z(j) = j**2 + 15*j + 42. What is z(-6)?
-12
Let g(r) = -4*r**2 + 185*r - 39. Give g(46).
7
Let s(a) = 2*a**3 + 34*a**2 + 57*a + 12. Determine s(-14).
390
Let m(r) = 7*r**2 - 51*r + 52. Determine m(11).
338
Let l(r) = 3*r**2 - 65*r - 41. What is l(20)?
-141
Let g(l) = l**2 - 26*l + 161. Give g(12).
-7
Let s(x) = 354*x**3 + 3*x**2 - 14*x + 12. Calculate s(1).
355
Let r(w) = 426*w - 18738. Determine r(44).
6
Let c(a) = a**3 + 19*a**2 + 20*a - 247. Calculate c(-17).
-9
Let o(i) = -707*i**2 - 8479*i + 28. Determine o(-12).
-32
Let r(u) = u**3 + 29*u**2 - 216*u - 151. Determine r(-35).
59
Let x(i) = -50*i + 828. What is x(11)?
278
Let b(t) = 10*t + 800. Determine b(-80).
0
Let i(n) = -48*n - 24. What is i(1)?
-72
Let w(x) = -x**3 - 42*x**2 + 378*x + 30. Calculate w(8).
-146
Let x(o) = o**3 - 193*o**2 + 351*o + 5926. Give x(191).
5
Let g(b) = 28*b**3 - 12*b**2 + 17*b + 3. Calculate g(2).
213
Let i(f) = -f**3 - 9*f**2 - 26*f + 1. Calculate i(-6).
49
Let d(b) = 6*b**3 + 48*b**2 + 14*b + 